6
Let h = -14 + 16. Let d(j) = 3*j + 1. Let s(u) = -u. Let c(a) = 2*d(a) + 4*s(a). What is c(h)?
6
Let h be (-2)/(-8) + 33/12. Suppose -x - 6 = -3*y + 7*y, 3*x = 3*y - h. Let j(z) = 4*z. Calculate j(y).
-4
Let t(s) = -2*s + 5. Let f(y) = 14*y - 7. Let i(d) = -5*d + 2. Let b(q) = 3*f(q) + 8*i(q). Let u(x) = 2*b(x) + 3*t(x). Let w = -4 + 9. Give u(w).
-5
Let o(f) be the first derivative of -f**2/2 - f + 8. What is o(-7)?
6
Suppose 4*a + 3*g = 0, a - g = 3 + 4. Suppose -2*m + 1 = -1. Let c(s) = 1 + s - 3 - 2*s + 2*s**a - s**2 + m. What is c(-1)?
-3
Let y(o) = -o**3 + o + 5. Suppose -191 = 5*c - 4*k, -4*c - 2*k = -3*k + 144. Let p be (-10)/c - (-4)/(-14). Determine y(p).
5
Let h(r) = r - 1. Let w(d) = -d**3 - 4*d**2 - d + 4. Let a be w(-4). Give h(a).
7
Let j(c) = -7*c**2 - 2*c - 1. Suppose -s - 4*q + 1 = -6, 3*q = -s + 5. Let r be j(s). Let n = 1 + r. Let l(p) = p**3 + 5*p**2 - 2*p - 7. Determine l(n).
3
Let u(z) be the second derivative of 5*z**4/12 + 7*z**3/2 - 4*z**2 - 3*z. Let y(n) = -3*n**2 - 11*n + 4. Let c(r) = 4*u(r) + 7*y(r). Calculate c(6).
2
Let x(q) be the first derivative of 2*q**4 + q**3/3 - q**2/2 - q + 2. Let c(d) = d**2 - 2*d - 1. Let l be c(2). Calculate x(l).
-7
Suppose -4*u - u + 10 = 0. Suppose 15 = u*s + 3*s. Suppose 22 = 3*l + y, 5*y + 22 = 5*l + s*y. Let c(a) = -2*a + 9. Give c(l).
-3
Suppose -m + 0 + 2 = -3*s, 3*s = -5*m + 28. Suppose 0 = -5*y + 3*l + 22, -l - 2 = -0*y + y. Let a(i) = i**3 + 2 + 3*i**y - 3 - 2*i**2. Calculate a(s).
1
Let c(q) = -33*q - 4 + q**2 + 35*q + 3. What is c(-2)?
-1
Let y(v) = 4*v**3. Let b(f) = 3*f**3. Let d(m) = -6*b(m) + 5*y(m). What is d(1)?
2
Let x(c) = -c**2 - 6*c - 7. Let t be 117/(-15) + (-4)/(-5). Give x(t).
-14
Let c(s) be the first derivative of -4/3*s**3 - 1/2*s**2 + 3*s - 1 - 1/4*s**4. Let a(q) = -q**3 + q**2 + q - 3. Let d be a(0). Determine c(d).
-3
Let r(m) be the second derivative of 3*m**5/10 - m**4/12 + m**2/2 - 3*m. Calculate r(1).
6
Let s(t) = -22*t + 3*t + 0 + 1. Calculate s(-1).
20
Let s(d) = 2*d. Suppose -3*h = -0*h + 9. Let x(v) = -1. Let z(m) = -m + 3. Let f(l) = h*x(l) - z(l). Let k(n) = -5*f(n) + 2*s(n). Determine k(0).
0
Let r(j) = 5*j**2 - j - 1. Let d be r(-1). Let v(z) = z**2 + z + 1. Let a(l) = -3 + 3 - l**3 - 5*l**2 - 3*l - 4. Let c(w) = d*v(w) + a(w). What is c(-2)?
5
Suppose -2*u = 6*u - 24. Let c(h) be the second derivative of 3*h + 5/6*h**u - 1/20*h**5 - 3*h**2 + 0 + 1/4*h**4. Determine c(4).
-2
Let v = -6 - -12. Let h(i) = i**2 - 7*i - 5. What is h(v)?
-11
Let d(j) = -j - 3. Let n be d(-8). Let i(o) = -o**3 + 6*o**2 - 4*o. What is i(n)?
5
Let i = 14 + -11. Let c(j) = -2 - j - j + 0*j**i - j**3 - 4*j - 5*j**2. Determine c(-4).
6
Let a(q) = -3*q**2 - 3*q + 3. Let w be (2/4)/(2/24). Let r(x) = -6*x**2 - 7*x + 7. Let u(m) = w*r(m) - 13*a(m). Suppose 0*t + 2 = t. Calculate u(t).
9
Let m(z) = z**2 + z + 2. Let y(i) = -i**3 + 3 - 6*i**2 - 1 - i - 5 - 1. Let l be y(-6). Suppose -4*p + 4 = -l*r, -3*p = 5*r - 4*p + 10. Determine m(r).
4
Let g(y) = -7*y**3 - 7*y**2 - 13*y + 6. Let b(u) = -3*u**3 - 4*u**2 - 6*u + 3. Let a(q) = -5*b(q) + 2*g(q). Give a(-5).
2
Let d(t) = -6*t**3 - 2*t**2 - 3*t + 3. Let p(h) = -6*h**3 - h**2 - 2*h + 2. Let v(b) = -2*d(b) + 3*p(b). What is v(-1)?
7
Let h(r) = -r + 3. Let q(i) = -i**2 - 5*i + 5. Let w be q(-5). Determine h(w).
-2
Let x(c) = -8*c + 3*c + 7*c - c. Calculate x(-7).
-7
Let s(r) = -r**2 + 4. Let p be (-15)/30*(-6 + -2 + 2). Determine s(p).
-5
Let d(v) be the third derivative of -11*v**7/840 - v**6/180 + v**5/120 + 4*v**3/3 - 7*v**2. Let q(n) be the first derivative of d(n). Give q(1).
-12
Let y(b) = -b**3 + 4*b**2 + 3*b + 7. Suppose 2*z + 67 = 5*l, 3*l + 4*z - 91 = -2*l. Suppose 0 = a - 2 - 0. Suppose -a*f - f = -l. What is y(f)?
-3
Let f(c) = 2*c - 9. Suppose -y + 2*a = -2, 0*y - 2*y - 2*a + 22 = 0. Give f(y).
7
Let k(o) = -3*o**3 + 6*o**2 + 7*o - 10. Let c(d) = d**3 + d. Let p(l) = -2*c(l) - k(l). Determine p(7).
-4
Let r(w) = -w - 4. Let i = -213 + 210. Determine r(i).
-1
Suppose 3 = -2*b - b. Let a(d) = 5*d**2 + d. Calculate a(b).
4
Let r(q) be the second derivative of -q**4/6 - 7*q**3/6 - 2*q**2 - 10*q. Determine r(-4).
-8
Let f(x) = x**3 - 5*x**2 + 3*x - 1. Let w(p) = -p + 2. Let d(g) = -1. Let o(r) = d(r) - w(r). Let m be o(6). Determine f(m).
-10
Let k(g) = g. Let h(q) = -q - 1. Let r(d) = h(d) + 4*k(d). What is r(1)?
2
Let q(v) = v - 7. Let m be q(7). Let f(t) = 5*t**2 + 8 + m - 6*t**2 + t**3. Calculate f(0).
8
Let p(v) = 3*v + v**3 + 1 + 0*v - 4*v. Suppose 5*a - 2 = 3*u + 11, 2*u - 4*a = -12. Suppose u*f = -7 - 1. What is p(f)?
-5
Let m(b) = -6 - 10 + 1 + 1 + b. What is m(-10)?
-24
Let q = -3 - -5. Let i(o) = -4*o + 3*o**2 + 3 + 6*o - 4*o**q. Determine i(3).
0
Let f(t) = -2*t + 2. Let a be (-9 + 12)*4/6. Determine f(a).
-2
Let b(f) = -10 + 7*f**2 + 1 + 3. Let n(z) = 1. Let y(r) = -b(r) - 5*n(r). What is y(-1)?
-6
Suppose 3*z = 7*z. Let x(o) be the third derivative of o**6/120 - o**5/60 + o**2. Give x(z).
0
Suppose -u + 0*u = -3*w - 8, -4*w = -2*u + 8. Let f(m) = -2*m - 2. Determine f(u).
6
Let t(j) = 4*j**2 + 6*j + 6. Let p(k) = -3*k**2 - 7*k - 6. Let c(u) = -3*p(u) - 2*t(u). Determine c(-8).
-2
Let d(w) = -2*w - 1. Suppose 9 = 4*t - t. Let q be ((-2)/2)/((-1)/t). What is d(q)?
-7
Suppose 0 = -4*m + 3*m. Let i(y) = -6*y - y**2 + y + m*y + 2. What is i(-5)?
2
Let c(q) be the third derivative of q**5/30 - q**4/24 - 2*q**2. Let u(a) = a + 10. Let v be u(-7). Suppose v*x = 2 + 1. Give c(x).
1
Let w(t) = 11*t**2 - 1. Let v = 15 - 10. Suppose -14 = -3*q + z, -z = v*q - 0*z - 10. Suppose 1 = -q*x - 2. Calculate w(x).
10
Let j(u) = -u**2 - 7*u - 2. Suppose 4*l - 8*l - 20 = 0. Let c be j(l). Suppose c + 7 = -3*x. Let n(b) = b + 2. Give n(x).
-3
Suppose 5 = 4*b - 7. Let d(f) be the first derivative of -1/3*f**3 - b*f - 2 - 5/2*f**2. Give d(-3).
3
Suppose -4*n + 16 = 3*h, 5*n - 8 = -5*h + 3*n. Let x = -5 + h. Let r(f) = -f - 9. Let j be r(x). Let p(i) = i**3 + 3*i**2 - 6*i - 2. What is p(j)?
6
Let a(i) = i**3 - 6*i**2 + 3*i + 6. Let t be a(5). Let l(p) = p - 1. What is l(t)?
-5
Let s(a) = 3*a**3 - a**2 - a - 1. Suppose 5*r + 3 = 2*r. What is s(r)?
-4
Let x(g) = -g**2 + 5*g + 6. Let i be (15/9)/(1*(-2)/(-6)). Calculate x(i).
6
Let s(j) = j**3 + j + 8. Suppose 4*t - 6*t = 0. Give s(t).
8
Let s(p) = -p - 2*p + 2*p. Let d(g) = g + 6. Let h be d(-6). Suppose -2 = -h*f + 2*f. Calculate s(f).
1
Let b(y) = 6*y + 1. Let o(p) = -p**3 - 6*p**2 - 5*p - 3. Let t be o(-5). Let v(l) = l**2 + l - 2. Let i be v(t). Suppose i*j + 2 = -2. Determine b(j).
-5
Let u(j) = 19*j**2 - j + 19*j**2 + 2 - 35*j**2 - 1. What is u(1)?
3
Let a(g) be the third derivative of -g**6/120 + g**5/10 - 5*g**4/24 - g**3/3 - 13*g**2. What is a(5)?
-2
Let h(b) = -1 - 6*b**2 + 2 + 7*b + 2*b**2 + 3*b**2. Let c = -9 + 15. Calculate h(c).
7
Let n(p) = -1 - 7 - 17*p + 16*p - 1. Give n(0).
-9
Suppose -4*n = -2*d - 5*n + 23, -2*n - 4 = -d. Suppose 2*l + d = 5*j - 6, 5*l + 4*j = -7. Let g(h) = h**3 + 4*h**2 + 3*h - 3. Calculate g(l).
-3
Let m(u) = -8*u + 6. Let l be m(3). Let t = l + 14. Let a(g) = g**2 + 2*g - 2. Determine a(t).
6
Suppose 4*h - 4 = -0*h. Let f(d) = 5*d**3 + d. Calculate f(h).
6
Let t(z) = -z**2 + 5*z - 4. Let g(r) = r**3 - r**2 + r + 4. Let q be 11/(-22)*(0 - 0). Let x be g(q). Calculate t(x).
0
Let m(b) = 2*b**2 - 3*b**3 + 144*b - 1 - 144*b + 4*b**3. Calculate m(-1).
0
Let g(z) be the third derivative of -z**5/120 + z**4/24 + z**3/2 - 2*z**2. Let f(t) be the first derivative of g(t). What is f(2)?
-1
Let m(o) be the first derivative of -15*o**4/4 + o**3/3 - o**2 + o - 7. What is m(1)?
-15
Let o(h) = -h**2 - 6*h - 6. Suppose 0 = -3*w - 4*x - 27, -x - 9 = 3*w - 3*x. Calculate o(w).
-1
Let x(b) = 19*b**3 + 5*b**2 + 9*b - 3. Let m(i) = -9*i**3 - 2*i**2 - 4*i + 1. Let o(g) = 5*m(g) + 2*x(g). Let f = 1 - 2. Give o(f).
8
Let j(b) = -b**2 - 7*b + 3. Suppose 2*l = -6, -2 = 2*k - 4*l - 0. Give j(k).
3
Let v(g) be the third derivative of 7*g**4/24 - g**3/6 + 5*g**2. Give v(3).
20
Let u(c) = -2*c**3 + 7*c**2 - 8*c + 11. Let i(y) = -y**3 + 7*y**2 - 8*y + 11. Let g(d) = 3*i(d) - 2*u(d). What is g(-8)?
11
Let b(z) = 2*z**3 + 6*z**2 + 2*z - 5. Let n(f) = -f**3 - 3*f**2 - f + 2. Let q(g) = -2*b(g) - 5*n(g). Let h = -2 - -1. What is q(h)?
1
Let t(l) = l**3 - 3*l**2 - l + 4. Su